f 2388.
2, 3, 199
List the prime factors of 3604.
2, 17, 53
List the prime factors of 60620.
2, 5, 7, 433
What are the prime factors of 12962?
2, 6481
What are the prime factors of 25544?
2, 31, 103
List the prime factors of 88.
2, 11
What are the prime factors of 683?
683
List the prime factors of 8153.
31, 263
List the prime factors of 13546.
2, 13, 521
List the prime factors of 41964.
2, 3, 13, 269
List the prime factors of 3127.
53, 59
What are the prime factors of 12400?
2, 5, 31
What are the prime factors of 13025?
5, 521
What are the prime factors of 18587?
18587
List the prime factors of 9451.
13, 727
List the prime factors of 9168.
2, 3, 191
List the prime factors of 4250.
2, 5, 17
What are the prime factors of 34291?
53, 647
What are the prime factors of 10928?
2, 683
List the prime factors of 337.
337
What are the prime factors of 755?
5, 151
What are the prime factors of 1635?
3, 5, 109
What are the prime factors of 2438?
2, 23, 53
What are the prime factors of 26045?
5, 5209
What are the prime factors of 1868?
2, 467
List the prime factors of 3545.
5, 709
What are the prime factors of 13994?
2, 6997
What are the prime factors of 3309?
3, 1103
What are the prime factors of 2225?
5, 89
What are the prime factors of 901?
17, 53
What are the prime factors of 4280?
2, 5, 107
List the prime factors of 1350.
2, 3, 5
List the prime factors of 11975.
5, 479
What are the prime factors of 1046?
2, 523
List the prime factors of 6883.
6883
What are the prime factors of 49140?
2, 3, 5, 7, 13
What are the prime factors of 2681?
7, 383
What are the prime factors of 30768?
2, 3, 641
List the prime factors of 1589.
7, 227
List the prime factors of 94755.
3, 5, 6317
List the prime factors of 1775.
5, 71
List the prime factors of 174.
2, 3, 29
List the prime factors of 25860.
2, 3, 5, 431
List the prime factors of 14656.
2, 229
List the prime factors of 12553.
12553
What are the prime factors of 63979?
137, 467
What are the prime factors of 26181?
3, 2909
What are the prime factors of 8698?
2, 4349
List the prime factors of 457.
457
What are the prime factors of 1798?
2, 29, 31
What are the prime factors of 272?
2, 17
List the prime factors of 28239.
3, 9413
List the prime factors of 32718.
2, 3, 7, 19, 41
What are the prime factors of 4634?
2, 7, 331
List the prime factors of 10816.
2, 13
List the prime factors of 1973.
1973
List the prime factors of 5758.
2, 2879
What are the prime factors of 471?
3, 157
List the prime factors of 85558.
2, 11, 3889
What are the prime factors of 66403?
66403
List the prime factors of 6144.
2, 3
What are the prime factors of 9238?
2, 31, 149
What are the prime factors of 23383?
67, 349
List the prime factors of 67478.
2, 33739
List the prime factors of 5874.
2, 3, 11, 89
What are the prime factors of 157?
157
What are the prime factors of 14928?
2, 3, 311
What are the prime factors of 131725?
5, 11, 479
List the prime factors of 1268.
2, 317
What are the prime factors of 2114?
2, 7, 151
List the prime factors of 23636.
2, 19, 311
List the prime factors of 1980.
2, 3, 5, 11
What are the prime factors of 58047?
3, 11, 1759
What are the prime factors of 107361?
3, 79, 151
List the prime factors of 215.
5, 43
List the prime factors of 86889.
3, 11, 2633
What are the prime factors of 7333?
7333
What are the prime factors of 71653?
79, 907
List the prime factors of 27968.
2, 19, 23
List the prime factors of 71129.
71129
List the prime factors of 88887.
3, 29629
List the prime factors of 3025.
5, 11
What are the prime factors of 3015?
3, 5, 67
What are the prime factors of 1195?
5, 239
What are the prime factors of 754?
2, 13, 29
What are the prime factors of 69222?
2, 3, 83, 139
What are the prime factors of 3757?
13, 17
List the prime factors of 2046.
2, 3, 11, 31
What are the prime factors of 30670?
2, 5, 3067
What are the prime factors of 8998?
2, 11, 409
What are the prime factors of 313?
313
List the prime factors of 470.
2, 5, 47
What are the prime factors of 1030?
2, 5, 103
List the prime factors of 10419.
3, 23, 151
What are the prime factors of 1319?
1319
List the prime factors of 8472.
2, 3, 353
List the prime factors of 14844.
2, 3, 1237
List the prime factors of 64696.
2, 8087
List the prime factors of 397.
397
What are the prime factors of 69926?
2, 34963
List the prime factors of 3656.
2, 457
List the prime factors of 53921.
7, 7703
List the prime factors of 517.
11, 47
List the prime factors of 596.
2, 149
List the prime factors of 15283.
17, 29, 31
List the prime factors of 12092.
2, 3023
List the prime factors of 5561.
67, 83
List the prime factors of 16103.
16103
List the prime factors of 87263.
11, 7933
What are the prime factors of 5190?
2, 3, 5, 173
List the prime factors of 14211.
3, 1579
List the prime factors of 10126.
2, 61, 83
List the prime factors of 2095.
5, 419
List the prime factors of 7620.
2, 3, 5, 127
What are the prime factors of 867?
3, 17
What are the prime factors of 88344?
2, 3, 409
What are the prime factors of 34902?
2, 3, 7, 277
What are the prime factors of 96974?
2, 48487
What are the prime factors of 33096?
2, 3, 7, 197
List the prime factors of 1076.
2, 269
What are the prime factors of 2446?
2, 1223
List the prime factors of 2209.
47
List the prime factors of 65095.
5, 47, 277
What are the prime factors of 14393?
37, 389
List the prime factors of 22933.
17, 19, 71
List the prime factors of 1726.
2, 863
What are the prime factors of 86401?
7, 12343
What are the prime factors of 1646?
2, 823
List the prime factors of 7196.
2, 7, 257
What are the prime factors of 40765?
5, 31, 263
List the prime factors of 1488.
2, 3, 31
List the prime factors of 95717.
95717
What are the prime factors of 8304?
2, 3, 173
List the prime factors of 1659.
3, 7, 79
List the prime factors of 1523.
1523
What are the prime factors of 1127?
7, 23
What are the prime factors of 30032?
2, 1877
List the prime factors of 115.
5, 23
What are the prime factors of 3354?
2, 3, 13, 43
What are the prime factors of 14466?
2, 3, 2411
List the prime factors of 12464.
2, 19, 41
List the prime factors of 9603.
3, 11, 97
What are the prime factors of 7321?
7321
What are the prime factors of 92?
2, 23
List the prime factors of 26372.
2, 19, 347
What are the prime factors of 62774?
2, 31387
List the prime factors of 8908.
2, 17, 131
List the prime factors of 33195.
3, 5, 2213
What are the prime factors of 7398?
2, 3, 137
List the prime factors of 425.
5, 17
List the prime factors of 2084.
2, 521
What are the prime factors of 22582?
2, 7, 1613
What are the prime factors of 6623?
37, 179
What are the prime factors of 40862?
2, 20431
What are the prime factors of 14895?
3, 5, 331
List the prime factors of 2898.
2, 3, 7, 23
What are the prime factors of 4807?
11, 19, 23
What are the prime factors of 112635?
3, 5, 2503
What are the prime factors of 273?
3, 7, 13
What are the prime factors of 325?
5, 13
List the prime factors of 709.
709
What are the prime factors of 110626?
2, 55313
List the prime factors of 7102.
2, 53, 67
List the prime factors of 14721.
3, 7, 701
What are the prime factors of 36539?
61, 599
List the prime factors of 38630.
2, 5, 3863
List the prime factors of 25588.
2, 6397
List the prime factors of 4820.
2, 5, 241
What are the prime factors of 8241?
3, 41, 67
What are the prime factors of 12937?
17, 761
What are the prime factors of 1977?
3, 659
List the prime factors of 414.
2, 3, 23
What are the prime factors of 834?
2, 3, 139
List the prime factors of 3148.
2, 787
What are the prime factors of 746?
2, 373
What are the prime factors of 112050?
2, 3, 5, 83
What are the prime factors of 147069?
3, 13, 419
List the prime factors of 4260.
2, 3, 5, 71
List the prime factors of 28393.
28393
What are the prime factors of 9169?
53, 173
What are the prime factors of 63722?
2, 151, 211
List the prime factors of 6878.
2, 19, 181
List the prime factors of 53507.
53507
What are the prime factors of 9483?
3, 29, 109
What are the prime factors of 418?
2, 11, 19
List the prime factors of 998.
2, 499
List the prime factors of 17514.
2, 3, 7, 139
List the prime factors of 695.
5, 139
List the prime factors of 4542.
2, 3, 757
List the prime factors of 130161.
3, 43, 1009
List the prime factors of 4102.
2, 7, 293
What 